(g) - v(g). Give n(9).
-8
Let v(f) = -4*f + 21. Let p be v(5). Let o = -16 + 19. Let k(s) = -3 + o - 15*s + 41*s. Determine k(p).
26
Let y(v) be the third derivative of v**5/60 + v**4/12 - 2*v**3/3 + 164*v**2 - 4*v. Determine y(-4).
4
Let t(s) = 119*s + 1668. Let l be t(-14). Let d(x) = -2*x**3 + 2*x**2 - x. Determine d(l).
-10
Let s be (-2)/(-4)*(69 - 2/2). Suppose -s*y + 9 = -31*y. Suppose j + 22 = -y*z, 6*j = z + 3*j + 14. Let c(b) = b - 10. Determine c(z).
-18
Let s(d) = -d**2 + 7*d + 8. Let n(x) = -x**2 + 38*x - 163. Let k be n(33). Suppose o + 2*r - 11 = -0, 5*r = k*o - 4. Give s(o).
8
Let h(i) = 47*i**2 - 29*i - 1. Let r(b) = -69*b**2 + 43*b + 1. Let y(m) = -22*h(m) - 15*r(m). Let p be (-2)/5 + (-27)/(-5). Give y(p).
-3
Let c(w) = 3*w. Let t(o) = o**3 + 4*o + 2. Let g(z) = 3*c(z) - t(z). Give g(2).
0
Let q(a) = -8 + 34 + 10*a + 70*a - 34. Determine q(-1).
-88
Suppose -952*j = -3058 - 750. Let w(p) = -3 - 1 - 7*p - 2*p**2 + 4*p**2. Determine w(j).
0
Let m = 14969 + -14966. Let j(z) = -33*z - 8. What is j(m)?
-107
Let s be 0/((-2)/3*-3). Suppose -4 = -s*h - 4*h. Let g(l) be the first derivative of l**4 + l**3/3 - l**2/2 + 51. Calculate g(h).
4
Let h(u) = 2*u**3 - u**2 + u + 2. Let j(s) = s**3. Suppose -32*x + 9 = -23*x. Let c(k) = x*j(k) - h(k). What is c(0)?
-2
Let z(o) = 3*o**3 + 148*o**2 + 27*o - 13. Let r(h) = -2*h**3 - 131*h**2 - 28*h + 10. Let t(b) = 5*r(b) + 4*z(b). What is t(32)?
-2
Let v(j) = j - 18. Let f be v(22). Let n be ((-427)/63 - -1) + f/(-18). Let d(o) be the second derivative of -o**3/6 + o**2 - o. Calculate d(n).
8
Let i(d) = 2*d**3 - 16*d**2 - 37. Let u(c) = c**3 - 8*c**2 - 18. Let y(k) = 2*i(k) - 5*u(k). Give y(8).
16
Let x = 190 + -192. Let g be (-6)/x*1 - 6. Let w(n) = -n**3 - 3*n**2 + 3*n + 3. Give w(g).
-6
Let p = -1028 + 7545. Let b(u) = 6517 + u - p. Determine b(0).
0
Suppose -582 = -10*f - 492. Let r(w) be the third derivative of w**6/120 - 2*w**5/15 - 3*w**4/8 - 4*w**3/3 + 2*w**2. Calculate r(f).
-8
Let g be ((-32)/(-12) - 14/21)/(4/(-16)). Let h(v) = 2*v**2 + 16*v + 3. Give h(g).
3
Let z(c) = 2*c**2 + 1. Let m be (9/12 - 6/24)*8. Let r be 10/m*(12 + -10). Suppose -5*t + h - 3 = -6, -14 = -4*t - r*h. Calculate z(t).
3
Let n(l) be the third derivative of l**6/120 + 3*l**5/20 - l**4/8 - l**3/3 + l**2. Let h = -61462 + 61453. What is n(h)?
25
Suppose -4*h + 5*h = 9. Suppose -347 = h*c - 995. Suppose o + c = 69. Let r(y) = y**3 + 5*y**2 + 3*y. What is r(o)?
9
Let k(l) = -56 + 26 + 17 - 3*l + 15. Let u(t) = 17*t - 12. Let h(w) = -33*k(w) - 6*u(w). Suppose 3*m = 3*i + 5*m - 16, 3*i - 2 = 5*m. What is h(i)?
-6
Let w be (2 - (-30)/(-9))/((-2)/45). Let i(l) = 8 + l - w + 3 - 2*l + 5. Calculate i(-14).
0
Let x(l) = -2*l**2 - 4*l + 12. Let j be x(3). Let m be ((-40)/(-24) + -2)/((-2)/j). Let d(a) be the first derivative of -a**2/2 - 4*a - 2. Calculate d(m).
-1
Let q(h) be the second derivative of -h**6/720 - 7*h**5/120 - h**4/12 + h. Let j(v) be the third derivative of q(v). Let s = 171938 - 171932. Determine j(s).
-13
Let d = 849669 - 849677. Let z(u) = -14*u**3 + 21*u**2 - 10*u - 36. Let a(f) = -5*f**3 + 7*f**2 - 3*f - 12. Let h(t) = -17*a(t) + 6*z(t). Calculate h(d).
-4
Let q = 25 - 38. Let o = -13 - q. Let d(c) = -53 + 0*c + 46 + o*c**2 - c**2 - 6*c. Determine d(-5).
-2
Let q = 1 + -13. Let f be -21*(-1)/12 - 3/q. Suppose 11*n + f - 2 = 0. Let u(w) = -w**2. Calculate u(n).
0
Let z(g) = g + 8. Let c be z(-5). Let t(y) be the third derivative of 1/30*y**5 + 0*y + 1/6*y**4 - 1/120*y**6 - 1/6*y**3 - 2*y**2 + 0. Give t(c).
2
Let i(y) = -2*y**2 + 3*y - 3. Let k(v) = -18*v + 71. Let x(m) = 10*m - 36. Let w(u) = -3*k(u) - 5*x(u). Let f be w(9). Calculate i(f).
-12
Let s(y) = 6*y - 24. Let r be s(7). Let m = -73 - -97. Suppose r*p - m = 14*p. Let z(g) = g**3 - 6*g**2 + g. Give z(p).
6
Let j(y) = 13*y - 25. Let t(c) = -2*c. Let p(s) = -j(s) - 6*t(s). What is p(11)?
14
Suppose 4*l + 168 = 4*s, -6*l + 3*l + 170 = 5*s. Let q(d) = d**3 - 37*d**2 + 2. Let z be q(s). Let v(w) = -w**3 + w**2 + 3*w - 2. Determine v(z).
0
Suppose -10 = -9*i - 3 + 11. Let a(m) = 13*m - 3. Determine a(i).
23
Let o(b) = 3*b - 25*b + 20*b - 41 + b. Determine o(-22).
-19
Suppose 0 = 2*r - 5*b + 2 + 5, 5*r + b - 23 = 0. Let s be 248/32 + 1/r. Let q be 0 + -2 + (s - 5). Let z(k) = -4*k**2 + k. Calculate z(q).
-3
Let i(d) = d**3 + 15*d**2 - 10. Suppose -184 = 27*p + 221. Calculate i(p).
-10
Let q(x) = x**3 - 38*x**2 + 29*x + 300. Let t be q(37). Suppose -2*u + 4*l - t = -2, -3*l = 3*u + 12. Let y(c) = c**2 + 4*c + 2. Calculate y(u).
-1
Let u(w) = 6*w**2 + 76*w - 19. Let h be u(-13). Let c(i) = i**3 - 2*i - 3*i + 2 - 6 - 3*i**2 + h*i + 1. Give c(2).
-3
Let r(h) = -5*h + 56*h**3 + 58*h**3 - 74*h**3 - 6*h**2 - 39*h**3 + 5. What is r(6)?
-25
Let x = 212 + -190. Let b(d) = -53*d**2 + d**3 - 4*d**3 + 29*d**2 + 3*d + x*d**2 - 2. Give b(1).
-4
Let v(p) = p**2 - p - 8. Let w = -29 + 47. Suppose w*f = 13*f. Let d be (f/6)/((-5)/(-1)). Give v(d).
-8
Let n = 62 + -67. Let x(q) = -2*q**3 + q**2 + 6*q + 9. Let l be x(n). Let c(u) = -u**2 + u - l + 257 - 4*u. What is c(-5)?
-7
Let b(m) = -2*m - 27. Let n(q) = 203*q + 3842. Let j be n(-19). Give b(j).
3
Let c(i) = 20*i**3 - i**2. Let b be (3 + -1)*4 + (5 - 9). Suppose 5*d = 5*p - 5, -p - b*d + 5 = 4*p. Calculate c(p).
19
Let y(a) be the first derivative of -2*a**2 + 20*a + 1152. Determine y(7).
-8
Let s(q) be the second derivative of -q**5/20 - 7*q**4/6 + q**3/3 + 12*q**2 + 2315*q. Give s(-14).
-4
Let k(p) be the second derivative of -p**4/12 + 7*p**3/6 - p**2 - 3*p - 39. Calculate k(10).
-32
Let m(h) be the second derivative of h**5/20 + 5*h**4/4 + 2*h**3 - 21*h**2/2 + 38*h + 5. What is m(-14)?
7
Let k = 56 - 44. Let c(f) be the first derivative of f**2 - 6*f + 4*f - k + 8 + 27. Determine c(2).
2
Suppose -2*i = i - 2*q + 21, 5*i = 2*q - 31. Let o be (-353)/5 - (-2)/i. Let g = 64 + o. Let b(p) = -p**2 - 8*p - 10. What is b(g)?
-3
Let r be 1 - (-2 - -1)*1. Let m(z) = -1 - 822*z**r + 2*z - z**3 + 1644*z**2 - 823*z**2. What is m(2)?
-9
Let q(s) = s**3 - 9*s**2 + 7*s + 14. Let p be q(8). Let v = 27 - 25. Let j(x) = -5 - 4*x**v - 58*x + x**2 + 66*x + x**3 - 4*x**2. Calculate j(p).
7
Let l(n) be the first derivative of 7 + 12*n - 1/3*n**3 + 7/2*n**2. Let f be l(9). Let v(i) = i + 8. Calculate v(f).
2
Let l(x) be the third derivative of 0*x - 11/60*x**5 - 1/120*x**6 + 3/2*x**3 - 29*x**2 + 0 - 5/12*x**4. What is l(-10)?
9
Let r(u) be the third derivative of -u**7/840 - u**6/180 + u**5/40 + u**4/8 + 23*u**3/6 - 2*u**2 - 14. Let j(y) be the first derivative of r(y). What is j(-3)?
3
Let q(l) = 5*l**3 - 10*l**2 + 4*l - 3. Let v(g) = -g**3 + 5*g**2 + 3*g. Let u(j) = -q(j) - 4*v(j). Calculate u(-7).
-32
Let t = -60 - -67. Suppose 4*l - 39 = -4*b - t, -4*l - b + 20 = 0. Let g(s) = s**3 - 4*s**2 - 3*s + 2. Give g(l).
-10
Let j(f) = f**3 - 6*f**2 + 4*f + 2. Let v be j(5). Let c(o) = -10*o**2 + o**3 + 15*o**2 + 56787*o + 4 - 56782*o. Give c(v).
7
Let y(q) = -3*q**2 - 1 - q**3 - q**2 - 4*q + 0*q**2. Let w be 33/5 - 72/120. Suppose -w*x + 6 = -3*p - 3*x, 4*p - x = -14. What is y(p)?
15
Suppose 19*d - 20 = 15*d. Suppose 0 = -2*f + 2*k + 10, -3*f + d = -4*k + 3*k. Let q(t) = -2*t - 13. Calculate q(f).
-13
Let g(f) = f**3 + 20*f**2 + 66*f + 32. Let u be g(-16). Suppose 0 = 2*b - b - 4. Let c(x) = 3*x + 3 - 2 - 2*x + b*x**3 - 5*x**3. What is c(u)?
1
Let n(p) = p**2 - 5*p - 9. Let t be n(7). Suppose 2*c - 6*f + 14 = -2*f, 11 = -t*c + 4*f. Let k(v) = -2*v**2 + 2*v**3 - c - 2*v**3 - v**3. What is k(-3)?
8
Let a be (26/8 - 2) + -9*3/36. Let z(w) be the second derivative of -w**2 - 1/6*w**3 + a*w**4 + 1/20*w**5 + 32*w + 0. Give z(-6).
4
Let g(w) = -4909 - 16*w**2 + 5156 + 15*w**2 + 44*w. What is g(-5)?
2
Let g(v) be the third derivative of -2*v**4/3 + 11*v**3/6 - 503*v**2 + 2. What is g(5)?
-69
Let j(z) = -11*z + 499. Suppose 11*w - 12*w = 3*i - 45, 5*w - 225 = -5*i. Let f be j(w). Let p(c) = 2*c**2 - 3*c - 4. What is p(f)?
16
Let y(b) = -25*b**2 + 6*b - 1. Let s(z) = -19*z**2 + 5*z - 1. Let w(t) = 4*s(t) - 3*y(t). Calculate w(2).
-1
Suppose -3*n + 7 + 2 = 0. Let d(c) = c**2 - c - 1. Let f be 0/2 - 3 - (-9 - -2). Let i(l) = 3*l**2. Let g(s) = f*d(s) - i(s). Calculate g(n).
-7
Let c(g) = -g**2 + 16*g + 9. Let o be c(19). Let x be o/84 + 62/(-14). L